t of x?
2
Let l = 15 - 9. Suppose -d + l = d. Suppose 0 = d*f + g + 2*g - 42, 0 = 2*f - 5*g - 28. What is the units digit of f?
4
Let z(x) = -10*x + 3. Let c be z(-3). Suppose i = 3*s + 5*i - 51, 3*i = -2*s + c. What is the tens digit of s?
2
Let h(x) = -x**2 - 7*x - 5. Let t be h(-7). Let i = t - -8. Suppose i*p - 22 = p. What is the units digit of p?
1
Let y(j) be the second derivative of -1/12*j**4 + 0 - j**2 - 1/20*j**5 - j + 1/2*j**3. What is the units digit of y(-3)?
7
Suppose 2*d - u = 6*d - 17, -16 = -2*d - 2*u. Suppose 0*c + 5*f = -d*c + 16, -4*f - 16 = 0. What is the tens digit of c?
1
Suppose -z - 9 + 1 = -4*s, s = -4*z + 2. Suppose z = 2*i + 3*d + 1, -3*i - 7 - 1 = -2*d. What is the units digit of i/(-4)*2*5?
5
Suppose 4*v = -f + 840, v - f - 56 - 159 = 0. What is the units digit of v?
1
Let z = 8 + -5. Suppose 5*o + 3*g + 297 = 0, 0*o + z*o - 2*g + 182 = 0. What is the tens digit of (24/(-10))/(9/o)?
1
Let g(l) = l - 7. Let h be g(13). Let t be 12/8 + 9/h. Suppose -25 = -t*x - 4. What is the units digit of x?
7
Let m be (-898)/(-14) - (-4)/(-28). Suppose m = 5*w - w. What is the tens digit of w?
1
Let y be (0/(-1))/(-1 + -1). Let c = 5 + 1. Suppose 2*v - 3*w = -y*v - c, 1 = -v + w. What is the units digit of v?
3
Let r(k) = k**2 + k + 1. What is the tens digit of r(-5)?
2
Let a(k) = k**2 - k - 4. Let h be a(4). Suppose u - 5*g + 6 = -g, -4*g + h = 0. What is the units digit of (4 - 0) + (0 - u)?
2
Let s be 17 - 4/(-2) - -1. Suppose 0 = -7*a + 11*a + 16. Let f = s + a. What is the tens digit of f?
1
Suppose -5 = -3*s - 38. Let r = 27 - 55. Let k = s - r. What is the tens digit of k?
1
Let c = -34 + 47. What is the tens digit of c?
1
Suppose -48 = -3*i - i - 4*w, 76 = 4*i - 3*w. What is the tens digit of i?
1
Let m(h) = h - 4. What is the units digit of m(18)?
4
Let t be 6/27 + (-169)/(-9). Let r = 4 + t. What is the tens digit of r?
2
Suppose -2*o - 120 = -2*j, 0*o = -o - 5. What is the tens digit of j?
5
Let v(u) = -u**3 - 5*u**2 - 11*u - 10. What is the hundreds digit of v(-8)?
2
Let b(x) = 5*x + 3 - x**3 + 12 - 6 - 3*x**2. What is the units digit of b(-4)?
5
Let k be (4/1)/(-2 - -1). Let n = -3 - k. What is the units digit of n?
1
Let t be (-4)/6*3*-2. Suppose t*f - 5*f + 39 = 0. What is the tens digit of f?
3
Let p(h) = h**3 + 5*h**2 - 6*h - 3. Let y be p(-5). Let n = -82 - -86. Suppose -w = 3*f - y, -n*f + 0*f = -2*w + 14. What is the units digit of w?
5
Let b = 429 - 246. What is the hundreds digit of b?
1
Let g = 206 - 136. What is the units digit of g?
0
Suppose -z - z = -w - 51, 5*w = 5*z - 115. What is the units digit of z?
8
Let h(m) = -m - 2. Let q(d) = d**3 - d + 8. Let j be q(0). Let f = j - 15. What is the units digit of h(f)?
5
Suppose -6*f = -f - 10. Suppose -5*y = -v - 42, -v - f*v - 6 = 0. What is the units digit of 2/y - (-19)/4?
5
Suppose -3*p + 4*p = -5*t + 22, -5*p + 58 = -t. Suppose -2*s = -60 - p. What is the tens digit of s?
3
Suppose t = 14 + 8. What is the tens digit of t?
2
Let c(v) = -v + 4. What is the units digit of c(-11)?
5
Let z(q) = -11*q. What is the units digit of z(-2)?
2
Let n(v) = v**3 - 17*v**2 + v. What is the units digit of n(17)?
7
Suppose 0 = q + 3*w - 33, -4*w + 60 = 2*q - 0*w. Let i be (-2 - -1)*(q - 1). Let u = -5 - i. What is the tens digit of u?
1
Let c(a) = -10*a + a**2 - 4*a**2 + 3*a**2 - a**2 - 5. What is the units digit of c(-8)?
1
Suppose 0 = -4*h - 27 + 107. What is the units digit of h?
0
Let v(l) = l**3 + 6*l**2 - 5*l - 7. Let u be v(-6). Let s = -13 + u. What is the tens digit of s?
1
Suppose 404 = 4*w - 136. What is the tens digit of w?
3
Let c(b) = -b**2 + 3*b + 6*b**2 - 10 - b**3 - 3 + 7. What is the units digit of c(5)?
9
Let n = -40 + 58. What is the tens digit of n?
1
Let v = 122 - 17. Suppose 0 = -3*n + 12 + v. What is the units digit of n?
9
Let f(y) = -y**2 - 5*y + 2. Let z be f(-4). Let u = z + 10. What is the units digit of u?
6
Let v(g) = 16*g. Let q be v(1). Suppose 0 = 4*u + 4 - q. What is the units digit of (-1)/u - (-92)/6?
5
Suppose -x = 3*q - 145, -3*q - 4*x = -2*x - 143. What is the tens digit of q?
4
Suppose -3*k - 3*d = -51, -d - 6 = -2. What is the units digit of k?
1
Suppose -5*r = r - 210. Suppose 0 = 4*x + 3 - r. What is the units digit of x?
8
What is the tens digit of 23 + (-2 - -5) + -3?
2
Let t(q) = 3*q - 7. Let z be t(7). Suppose -5*v = -31 - z. Let j = 1 + v. What is the tens digit of j?
1
Let x(g) = -19*g + 13. What is the tens digit of x(-6)?
2
Suppose 2*o = -29 + 83. Let v = o - -3. What is the tens digit of v?
3
Let x = -80 - -132. Suppose -4*q + 104 = -x. What is the units digit of q?
9
Let y = -95 + 188. What is the units digit of y?
3
Suppose 0 = 5*v - 6*v + 6. What is the units digit of (-1)/v + (-110)/(-12)?
9
Let x be (2 + 10)*4/12. Suppose q + 0*q + y - 4 = 0, -x*q + 8 = -4*y. Suppose 8*h + 3*m - 67 = 4*h, q*h - m = 34. What is the tens digit of h?
1
Suppose 213 = 4*f + 3*u, 0*f - 3*u = -2*f + 93. What is the tens digit of f?
5
Let l(k) = -k + 3. Let x(h) = -12 - 5*h + 14 + 14. Let n(j) = -11*l(j) + 2*x(j). What is the units digit of n(8)?
7
Suppose 6*l - 30 = l. What is the units digit of (l/21)/((-1)/(-7))?
2
Let w(x) = x**2 + 13*x - 8. Let v be w(-12). What is the units digit of (2 - 7)*84/v?
1
Let w(l) = l**2 - 58. What is the hundreds digit of w(-14)?
1
Let t(j) = j**2 + j + 2. Let l be t(0). What is the tens digit of (24/9)/(l/18)?
2
What is the units digit of -15*((-21)/9 + 2)?
5
Let u be 16*(0 - (3 + -1)). Let b = -30 + 7. Let i = b - u. What is the units digit of i?
9
What is the units digit of (-3 + -4)/((-2)/10)?
5
Let a(i) = 7*i**2 - 2. Suppose 0 = -2*m - 2 + 6. What is the units digit of a(m)?
6
Suppose -4*i + 188 + 948 = 0. What is the hundreds digit of i?
2
Suppose 22 = 11*j - 88. What is the tens digit of j?
1
Let u = 175 + -59. Suppose 0 = b - 5*b + u. What is the units digit of b?
9
Suppose 2*z + 10 - 246 = 0. What is the units digit of z?
8
Let u(h) = h**2 - 2*h + 17. What is the tens digit of u(7)?
5
Suppose 0*j + 2*j = -4*y + 24, -j = -2*y - 28. What is the tens digit of j?
2
Suppose 301 = 5*t + 76. What is the units digit of -2 + (t/(-1))/(-3)?
3
Let i = 10 + -6. What is the units digit of i?
4
Suppose -z + 2 = -0. Let l(n) = -2*n**3 - 2*n**2 - 3*n + 2. Let g(j) = j**3 + 2*j**2 + 2*j - 2. Let k(t) = -3*g(t) - 2*l(t). What is the units digit of k(z)?
2
Suppose 16 + 26 = 2*h. Let q = -14 + h. What is the units digit of (4/q)/(4/14)?
2
Suppose -20 = 2*v - 2*h, -h = 4*v + v + 32. Let k = v + 8. What is the units digit of k?
1
Let z = 32 - 10. Suppose z = 2*b - 0*b. Let f = -9 + b. What is the units digit of f?
2
Let l(j) = j**3 - 2*j**2 + j - 18. What is the tens digit of l(5)?
6
Let x(r) = r**3 - 3*r**2 + 3*r - 1. Let a be x(2). Let n = 2 + a. Suppose 0 = -n*k + 7*k - 64. What is the units digit of k?
6
Let x = -8 - -23. Suppose -5*j + x = -2*j. Suppose -3*w = j*v + 14, 3*v = 3 - 15. What is the units digit of w?
2
Let i(o) = -2 + 2 + 172*o**3 + o**2 - 156*o**3. What is the tens digit of i(1)?
1
Let g = 17 - 5. Let a = g + -5. What is the units digit of a?
7
Let c(o) = 9*o**2 + 7*o + 6. What is the tens digit of c(-4)?
2
What is the tens digit of (-494)/(((-4)/5)/(-2)*-5)?
4
Let r(k) = 11*k**2 + 2*k + 4. What is the units digit of r(-2)?
4
Let s = 14 + -10. Suppose -4*w = -3*h - 25 + s, -5*h - 2 = -3*w. What is the units digit of w?
9
Let h be 56/(-3) + (-3)/9. Let c = h + 35. What is the tens digit of c?
1
Let g be ((-1)/2)/((-1)/(-2)). Let w(f) = 4*f**2 - 4*f**2 - 10*f**3 - f**2. What is the units digit of w(g)?
9
Suppose -20 = -4*m - 0. What is the units digit of (20 + -3)*(m + -2)?
1
Suppose 2*g + 5 = -2*i + 3*i, 42 = 2*i + 4*g. What is the tens digit of i?
1
Suppose 0*v + v - 58 = 0. What is the tens digit of v?
5
Let v = -38 - -85. What is the tens digit of v?
4
Let u be (4 - 2)/(-2 + 4). Let o(i) = -u + 0*i + 6*i - 2*i. What is the units digit of o(1)?
3
Let v(u) = -u**3 - 25*u**2 + 23*u + 58. What is the units digit of v(-26)?
6
Let u = 6 - 10. Let i = u + 6. Suppose 0 = -i*m + 2 - 0. What is the units digit of m?
1
Suppose 0 = -5*k - 5*o - 30, 5*o = k - 5*k - 27. Suppose 2*c - 5*c + 32 = -4*s, 0 = c - s - 11. Let n = k + c. What is the units digit of n?
9
Let w be (-7 + 6)/(2/14). Suppose -11 = 4*l 